44839
List the prime factors of 7365642491.
44887, 164093
List the prime factors of 2126712379.
11, 103, 227, 8269
List the prime factors of 1406986704.
2, 3, 9770741
List the prime factors of 424062636.
2, 3, 241, 331, 443
List the prime factors of 4783717206.
2, 3, 265762067
List the prime factors of 99836839.
99836839
What are the prime factors of 676257699?
3, 13, 29, 597929
List the prime factors of 504400222.
2, 252200111
List the prime factors of 230323044.
2, 3, 7, 2741941
What are the prime factors of 35061361?
17, 23, 89671
What are the prime factors of 185588539?
185588539
What are the prime factors of 701174522?
2, 101, 211, 16451
List the prime factors of 123057956.
2, 7, 4394927
What are the prime factors of 5301354577?
5301354577
What are the prime factors of 1370114309?
29, 1629149
List the prime factors of 741361182.
2, 3, 61, 2025577
List the prime factors of 55811720.
2, 5, 1395293
List the prime factors of 650936377.
7, 13, 41, 174467
What are the prime factors of 427544802?
2, 3, 19, 41, 30491
List the prime factors of 34867228.
2, 11, 853, 929
List the prime factors of 336335838.
2, 3, 4513, 12421
List the prime factors of 600787442.
2, 59, 1109, 4591
What are the prime factors of 58403851?
11, 5309441
What are the prime factors of 784831013?
37, 1601, 13249
What are the prime factors of 1066716687?
3, 355572229
What are the prime factors of 115247769?
3, 7, 13, 29, 14557
List the prime factors of 18308013.
3, 79, 77249
What are the prime factors of 350798126?
2, 7, 383, 65423
What are the prime factors of 242870811?
3, 80956937
What are the prime factors of 64367665?
5, 269, 47857
What are the prime factors of 99479211?
3, 13, 113, 22573
What are the prime factors of 131423957?
7, 17, 1104403
List the prime factors of 76755315.
3, 5, 7, 13, 29, 277
What are the prime factors of 398421508?
2, 4357, 22861
What are the prime factors of 201375370?
2, 5, 7, 17, 197, 859
What are the prime factors of 15516424?
2, 7, 11, 25189
What are the prime factors of 90605835?
3, 5, 17, 6967
List the prime factors of 968422103.
11, 467, 188519
What are the prime factors of 2658966902?
2, 2837, 468623
List the prime factors of 41961072.
2, 3, 929, 941
What are the prime factors of 44148823?
449, 98327
What are the prime factors of 107537887?
29, 3708203
What are the prime factors of 799565954?
2, 11, 36343907
What are the prime factors of 11767538?
2, 31, 189799
List the prime factors of 178908307.
178908307
List the prime factors of 139787549.
11, 17, 67957
List the prime factors of 161608877.
161608877
What are the prime factors of 67301989?
67301989
What are the prime factors of 41979277?
41979277
List the prime factors of 1225260716.
2, 109, 2810231
What are the prime factors of 189812483?
7, 73, 371453
List the prime factors of 49106917.
49106917
List the prime factors of 594718864.
2, 37169929
List the prime factors of 391782391.
7, 11, 13, 17, 23
What are the prime factors of 515022659?
733, 702623
What are the prime factors of 4125458?
2, 17, 67, 1811
What are the prime factors of 4121918158?
2, 17, 1259, 96293
List the prime factors of 1671461912.
2, 208932739
What are the prime factors of 161738732?
2, 139, 290897
What are the prime factors of 815959163?
41, 79, 251917
What are the prime factors of 1834738124?
2, 17, 101, 267143
List the prime factors of 74166365.
5, 7, 13, 163003
What are the prime factors of 2743151862?
2, 3, 11, 2441, 17027
List the prime factors of 3006314885.
5, 7, 12270673
List the prime factors of 2219022202.
2, 1109511101
List the prime factors of 7106135.
5, 1421227
What are the prime factors of 1165721356?
2, 291430339
List the prime factors of 134206054.
2, 67103027
What are the prime factors of 25982283?
3, 449, 19289
What are the prime factors of 578983?
197, 2939
List the prime factors of 696759302.
2, 47, 79, 93827
List the prime factors of 14962973.
14962973
List the prime factors of 48830763.
3, 269, 60509
List the prime factors of 93676565.
5, 18735313
What are the prime factors of 1787247224?
2, 7, 1723, 18523
List the prime factors of 276609071.
439, 751, 839
What are the prime factors of 85391038?
2, 1621, 26339
What are the prime factors of 46203697?
1193, 38729
What are the prime factors of 2903285246?
2, 1451642623
What are the prime factors of 297742368?
2, 3, 7, 11, 47, 857
List the prime factors of 5612454040.
2, 5, 2237, 62723
What are the prime factors of 29289804?
2, 3, 2440817
List the prime factors of 132756820.
2, 5, 7, 948263
List the prime factors of 8471835.
3, 5, 31, 6073
List the prime factors of 8143963716.
2, 3, 7, 179, 541631
List the prime factors of 37664505.
3, 5, 433, 1933
What are the prime factors of 201267405?
3, 5, 4472609
List the prime factors of 1478933340.
2, 3, 5, 24648889
List the prime factors of 2264194863.
3, 7, 691, 5779
List the prime factors of 2094932780.
2, 5, 17, 19, 324293
What are the prime factors of 798774733?
17, 89, 527941
List the prime factors of 499579815.
3, 5, 7, 733, 6491
What are the prime factors of 198790478?
2, 83, 487, 2459
What are the prime factors of 123745342?
2, 7, 8838953
What are the prime factors of 70448350?
2, 5, 7, 201281
List the prime factors of 732789633.
3, 244263211
What are the prime factors of 3216828?
2, 3, 268069
List the prime factors of 80983902.
2, 3, 139, 97103
List the prime factors of 7528400545.
5, 37, 47, 139, 6229
What are the prime factors of 15712035?
3, 5, 1047469
What are the prime factors of 43566709?
1777, 24517
What are the prime factors of 5677617366?
2, 3, 37, 8524951
What are the prime factors of 1014326991?
3, 37, 971, 3137
What are the prime factors of 110177283?
3, 89, 433, 953
What are the prime factors of 4065220578?
2, 3, 67, 10112489
List the prime factors of 506000686.
2, 253000343
List the prime factors of 1851549329.
7, 53, 179, 569
What are the prime factors of 395172385?
5, 2153, 36709
List the prime factors of 72099846.
2, 3, 7, 13, 44017
What are the prime factors of 516703991?
29, 71, 250949
List the prime factors of 2616091723.
7, 617, 86531
What are the prime factors of 102830162?
2, 31, 173, 9587
List the prime factors of 21165534.
2, 3, 13, 29, 3119
List the prime factors of 989376354.
2, 3, 29, 1895357
List the prime factors of 1309332245.
5, 13, 733, 27481
What are the prime factors of 1367620769?
31, 44116799
What are the prime factors of 194691422?
2, 107, 909773
What are the prime factors of 4241784635?
5, 11, 4787, 16111
What are the prime factors of 128765457?
3, 173, 1021
What are the prime factors of 117795837?
3, 39265279
List the prime factors of 1395262693.
11, 1019, 124477
List the prime factors of 98059746.
2, 3, 16343291
List the prime factors of 817796074.
2, 408898037
What are the prime factors of 9868009?
9868009
What are the prime factors of 2850343520?
2, 5, 19, 937613
What are the prime factors of 32898025?
5, 19, 69259
List the prime factors of 122137528.
2, 15267191
List the prime factors of 4764609.
3, 176467
List the prime factors of 598295006.
2, 73, 1033, 3967
What are the prime factors of 117165246?
2, 3, 11, 1775231
What are the prime factors of 577780491?
3, 719, 267863
List the prime factors of 599597646.
2, 3, 821, 121721
What are the prime factors of 1184089804?
2, 19, 15580129
What are the prime factors of 3904474778?
2, 9547, 204487
List the prime factors of 21599035.
5, 179, 24133
List the prime factors of 39185285.
5, 53, 67, 2207
What are the prime factors of 3224107866?
2, 3, 7, 76764473
What are the prime factors of 441024782?
2, 11, 41, 47, 101, 103
List the prime factors of 1004050567.
13, 1093, 70663
List the prime factors of 4157927791.
4157927791
List the prime factors of 59642186.
2, 4349, 6857
List the prime factors of 3376248893.
271, 12458483
What are the prime factors of 565412220?
2, 3, 5, 23, 136573
List the prime factors of 117680093.
117680093
What are the prime factors of 133771841?
7, 23, 53, 61, 257
What are the prime factors of 530093000?
2, 5, 530093
List the prime factors of 80682573.
3, 26894191
What are the prime factors of 177338508?
2, 3, 14778209
List the prime factors of 320604.
2, 3, 26717
What are the prime factors of 159533765?
5, 131, 151, 1613
What are the prime factors of 40389419?
7, 5769917
List the